{"id":119,"date":"2020-08-20T10:02:41","date_gmt":"2020-08-20T10:02:41","guid":{"rendered":"https:\/\/services-psychoeducation.com\/index.php\/about-us\/"},"modified":"2023-12-31T03:44:43","modified_gmt":"2023-12-31T03:44:43","slug":"about-us","status":"publish","type":"page","link":"https:\/\/services-psychoeducation.com\/index.php\/about-us\/","title":{"rendered":"Bonjour et bienvenue,"},"content":{"rendered":"\n<div class=\"wp-container-4 wp-block-group alignfull has-ast-global-color-4-background-color has-background\"><div class=\"wp-block-group__inner-container\">\n<div class=\"wp-container-3 wp-block-columns\">\n<div class=\"wp-container-1 wp-block-column\" style=\"flex-basis:33.33%\">\n<p><\/p>\n\n\n\n<p><\/p>\n\n\n\n<h3 class=\"has-text-align-center\">Je suis Anna Bobyreva &#8211; psycho\u00e9ducatrice passionn\u00e9e et d\u00e9vou\u00e9e<\/h3>\n<\/div>\n\n\n\n<div class=\"wp-container-2 wp-block-column\" style=\"flex-basis:66.66%\">\n<ul><li>Membre de l\u2019Ordre des psycho\u00e9ducateurs et psycho\u00e9ducatrices du Qu\u00e9bec depuis 2010, j\u2019ai cumul\u00e9 l\u2019exp\u00e9rience riche et vari\u00e9e dans le domaine de psycho\u00e9ducation. Ma pratique est d\u00e9di\u00e9e \u00e0 aider mes clients, enfants comme adultes, \u00e0 surmonter leurs difficult\u00e9s, qu\u2019elles soient d&#8217;ordre comportemental, \u00e9motionnel ou social.<\/li><li>Ma mission est d\u2019accompagner chacun en fournissant des outils adapt\u00e9s et des strat\u00e9gies cibl\u00e9es pour relever les d\u00e9fis sp\u00e9cifiques, g\u00e9rer les \u00e9motions intenses, maintenir l&#8217;\u00e9quilibre et avancer sereinement vers leurs objectifs.<\/li><li>Mon parcours professionnel s&#8217;est d\u00e9roul\u00e9 \u00e0 travers divers environnements : en milieu communautaire o\u00f9 j&#8217;ai travaill\u00e9 avec des familles de diverses origines culturelles, dans le secteur de la sant\u00e9 et des services sociaux o\u00f9 j&#8217;ai accompagn\u00e9 des individus aux prises avec des d\u00e9fis multiples, dans des \u00e9coles en soutenant les \u00e9l\u00e8ves ayant des besoins particuliers, et enfin, en participant \u00e0 des lignes d&#8217;intervention t\u00e9l\u00e9phonique pour offrir un soutien imm\u00e9diat \u00e0 ceux en situation de crise.<\/li><li>Je m&#8217;investis dans une formation continue pour rester \u00e0 l&#8217;avant-garde des avanc\u00e9es dans mon domaine. Cette qu\u00eate incessante de connaissances et de nouvelles comp\u00e9tences me permet d&#8217;offrir une aide toujours plus efficace et personnalis\u00e9e.<\/li><li>Convaincue de l&#8217;importance de la psychoth\u00e9rapie personnelle, cette approche introspective me permet de maintenir un \u00e9quilibre psychologique et \u00e9motionnel, essentiel pour fournir un soutien empathique et efficace \u00e0 mes clients.<\/li><li>Mon histoire personnelle, jalonn\u00e9e par le chemin de l&#8217;immigration, me permet de comprendre intimement les d\u00e9fis de l&#8217;int\u00e9gration, tels que la langue, la culture, et l&#8217;employabilit\u00e9. \u00c9galement, en tant qu&#8217;\u00e9pouse et une m\u00e8re de famille, j&#8217;ai cultiv\u00e9 l&#8217;art de la patience, de la compr\u00e9hension et de l&#8217;adaptabilit\u00e9. Ces qualit\u00e9s, inestimables, infusent ma pratique professionnelle, me permettant d\u2019offrir un accompagnement empathique et personnalis\u00e9.<\/li><li>Je vous invite \u00e0 prendre contact avec moi pour explorer ensemble comment je peux contribuer \u00e0 votre bien-\u00eatre et \u00e0 votre \u00e9panouissement.<\/li><li>Au plaisir de collaborer avec vous!<\/li><\/ul>\n\n\n\n<p><\/p>\n<\/div>\n<\/div>\n<\/div><\/div>\n\n\n\n<div class=\"wp-container-5 wp-block-group alignfull has-ast-global-color-5-background-color has-background\"><div class=\"wp-block-group__inner-container\">\n<div class=\"wp-block-uagb-image uagb-block-2fa13a26 wp-block-uagb-image--layout-default wp-block-uagb-image--effect-static wp-block-uagb-image--align-none\"><figure class=\"wp-block-uagb-image__figure\"><img loading=\"lazy\" srcset=\"https:\/\/services-psychoeducation.com\/wp-content\/uploads\/2022\/09\/meditation-g8d1ca6cde_1920-1024x446.jpg 1024w\" src=\"https:\/\/services-psychoeducation.com\/wp-content\/uploads\/2022\/09\/meditation-g8d1ca6cde_1920-1024x446.jpg\" alt=\"\" class=\"uag-image-26601\" width=\"\" height=\"\" title=\"\"\/><\/figure><\/div>\n<\/div><\/div>\n\n\n\n<div class=\"wp-container-6 wp-block-group alignfull has-ast-global-color-5-background-color has-background\"><div class=\"wp-block-group__inner-container\"><\/div><\/div>\n","protected":false},"excerpt":{"rendered":"<p>Je suis Anna Bobyreva &#8211; psycho\u00e9ducatrice passionn\u00e9e et d\u00e9vou\u00e9e Membre de l\u2019Ordre des psycho\u00e9ducateurs et psycho\u00e9ducatrices du Qu\u00e9bec depuis 2010, j\u2019ai cumul\u00e9 l\u2019exp\u00e9rience riche et vari\u00e9e dans le domaine de psycho\u00e9ducation. Ma pratique est d\u00e9di\u00e9e \u00e0 aider mes clients, enfants comme adultes, \u00e0 surmonter leurs difficult\u00e9s, qu\u2019elles soient d&#8217;ordre comportemental, \u00e9motionnel ou social. Ma mission&hellip;&nbsp;<a href=\"https:\/\/services-psychoeducation.com\/index.php\/about-us\/\" class=\"\" rel=\"bookmark\">Read More &raquo;<span class=\"screen-reader-text\">Bonjour et bienvenue,<\/span><\/a><\/p>\n","protected":false},"author":1,"featured_media":0,"parent":0,"menu_order":0,"comment_status":"closed","ping_status":"closed","template":"","meta":{"om_disable_all_campaigns":false,"_monsterinsights_skip_tracking":false,"_monsterinsights_sitenote_active":false,"_monsterinsights_sitenote_note":"","_monsterinsights_sitenote_category":0,"neve_meta_sidebar":"","neve_meta_container":"","neve_meta_enable_content_width":"","neve_meta_content_width":0,"neve_meta_title_alignment":"","neve_meta_author_avatar":"","neve_post_elements_order":"","neve_meta_disable_header":"","neve_meta_disable_footer":"","neve_meta_disable_title":""},"aioseo_notices":[],"uagb_featured_image_src":{"full":false,"thumbnail":false,"medium":false,"medium_large":false,"large":false,"1536x1536":false,"2048x2048":false,"neve-blog":false},"uagb_author_info":{"display_name":"anna.b.psychoeducatrice@gmail.com","author_link":"https:\/\/services-psychoeducation.com\/index.php\/author\/anna-b-psychoeducatricegmail-com\/"},"uagb_comment_info":0,"uagb_excerpt":"Je suis Anna Bobyreva &#8211; psycho\u00e9ducatrice passionn\u00e9e et d\u00e9vou\u00e9e Membre de l\u2019Ordre des psycho\u00e9ducateurs et psycho\u00e9ducatrices du Qu\u00e9bec depuis 2010, j\u2019ai cumul\u00e9 l\u2019exp\u00e9rience riche et vari\u00e9e dans le domaine de psycho\u00e9ducation. Ma pratique est d\u00e9di\u00e9e \u00e0 aider mes clients, enfants comme adultes, \u00e0 surmonter leurs difficult\u00e9s, qu\u2019elles soient d&#8217;ordre comportemental, \u00e9motionnel ou social. Ma mission&hellip;&nbsp;Read&hellip;","_links":{"self":[{"href":"https:\/\/services-psychoeducation.com\/index.php\/wp-json\/wp\/v2\/pages\/119"}],"collection":[{"href":"https:\/\/services-psychoeducation.com\/index.php\/wp-json\/wp\/v2\/pages"}],"about":[{"href":"https:\/\/services-psychoeducation.com\/index.php\/wp-json\/wp\/v2\/types\/page"}],"author":[{"embeddable":true,"href":"https:\/\/services-psychoeducation.com\/index.php\/wp-json\/wp\/v2\/users\/1"}],"replies":[{"embeddable":true,"href":"https:\/\/services-psychoeducation.com\/index.php\/wp-json\/wp\/v2\/comments?post=119"}],"version-history":[{"count":19,"href":"https:\/\/services-psychoeducation.com\/index.php\/wp-json\/wp\/v2\/pages\/119\/revisions"}],"predecessor-version":[{"id":26741,"href":"https:\/\/services-psychoeducation.com\/index.php\/wp-json\/wp\/v2\/pages\/119\/revisions\/26741"}],"wp:attachment":[{"href":"https:\/\/services-psychoeducation.com\/index.php\/wp-json\/wp\/v2\/media?parent=119"}],"curies":[{"name":"wp","href":"https:\/\/api.w.org\/{rel}","templated":true}]}}